{"id":11077,"date":"2026-01-06T10:04:56","date_gmt":"2026-01-06T09:04:56","guid":{"rendered":"https:\/\/www.sba.si\/?post_type=product&#038;p=11077"},"modified":"2026-01-06T10:28:18","modified_gmt":"2026-01-06T09:28:18","slug":"celada-thor-fleet-forge","status":"publish","type":"product","link":"https:\/\/www.sba.si\/index.php\/izdelek\/celada-thor-fleet-forge\/","title":{"rendered":"\u010cELADA THOR Fleet Forge"},"content":{"rendered":"<p>Mo\u010dna in trpe\u017ena PC\/ABS \u0161koljka<br \/>\nTehnologija za zmanj\u0161anje energije (ERT) pomaga ubla\u017eiti linearno in rotacijsko energijo udarca<br \/>\nVrhunska EPS podloga z dvojno gostoto<br \/>\n13 odprtin za dovod\/izhod zraka<br \/>\nPrilagodljiv poliamidni vizir s 4-to\u010dkovnim zapiranjem<br \/>\nOdstranljiva in pralna udobna podloga in li\u010dnice<br \/>\nNajlonski podbradnik s sistemom za zadr\u017eevanje z D-obro\u010dki v obliki \u010drke D in zaklepom<\/p>\n","protected":false},"excerpt":{"rendered":"<p>Pustolovska \u010delada za terenska vozila, Enduro, Supermoto in ATV s funkcijami \u010delade za celo obraz, novo lupino KPA, integrirano za\u0161\u010dito pred soncem, prozoren \u0161\u010ditnik proti praskam \/ megli \/ anti-UV, preoblikovano prezra\u010devanje, blazinice s hitrim spro\u0161\u010danjem sistem, odstranljiva in pralna notranjost, jeklena zaponka za hitro sprostitev, te\u017ea 1350g<\/p>\n<p>&nbsp;<\/p>\n","protected":false},"featured_media":11084,"template":"","meta":[],"product_cat":[38,45,49],"product_tag":[],"_links":{"self":[{"href":"https:\/\/www.sba.si\/index.php\/wp-json\/wp\/v2\/product\/11077"}],"collection":[{"href":"https:\/\/www.sba.si\/index.php\/wp-json\/wp\/v2\/product"}],"about":[{"href":"https:\/\/www.sba.si\/index.php\/wp-json\/wp\/v2\/types\/product"}],"version-history":[{"count":3,"href":"https:\/\/www.sba.si\/index.php\/wp-json\/wp\/v2\/product\/11077\/revisions"}],"predecessor-version":[{"id":11085,"href":"https:\/\/www.sba.si\/index.php\/wp-json\/wp\/v2\/product\/11077\/revisions\/11085"}],"wp:featuredmedia":[{"embeddable":true,"href":"https:\/\/www.sba.si\/index.php\/wp-json\/wp\/v2\/media\/11084"}],"wp:attachment":[{"href":"https:\/\/www.sba.si\/index.php\/wp-json\/wp\/v2\/media?parent=11077"}],"wp:term":[{"taxonomy":"product_cat","embeddable":true,"href":"https:\/\/www.sba.si\/index.php\/wp-json\/wp\/v2\/product_cat?post=11077"},{"taxonomy":"product_tag","embeddable":true,"href":"https:\/\/www.sba.si\/index.php\/wp-json\/wp\/v2\/product_tag?post=11077"}],"curies":[{"name":"wp","href":"https:\/\/api.w.org\/{rel}","templated":true}]}}