{"id":11318,"date":"2026-02-13T10:54:09","date_gmt":"2026-02-13T09:54:09","guid":{"rendered":"https:\/\/www.sba.si\/?post_type=product&#038;p=11318"},"modified":"2026-02-13T10:58:23","modified_gmt":"2026-02-13T09:58:23","slug":"cfmoto-cflite-250-dual-26","status":"publish","type":"product","link":"https:\/\/www.sba.si\/index.php\/izdelek\/cfmoto-cflite-250-dual-26\/","title":{"rendered":"CFMOTO CFLITE 250 DUAL 26&#8221;"},"content":{"rendered":"<p data-start=\"347\" data-end=\"891\">CFMOTO CFLITE 250 DUAL je vsestranski <strong data-start=\"385\" data-end=\"411\">dual-purpose motocikel<\/strong> zasnovan za vsakodnevno vo\u017enjo po ulicah, ter za light adventure avanture zunaj asfaltiranih cest. Ponuja optimalno ravnovesje <strong data-start=\"539\" data-end=\"558\">mo\u010d\/te\u017ea\/udobje<\/strong>, kar omogo\u010da udobno navigacijo v urbanih sredi\u0161\u010dih in samozavesten nastop na zahtevnej\u0161ih terenih. Njegova aerodinami\u010dna oblika, stabilno podvozje in funkcionalna ergonomska zasnova zagotavljajo <strong data-start=\"754\" data-end=\"798\">zanesljivo, stabilno ter u\u017eiva\u0161ko vo\u017enjo<\/strong> tako za za\u010detnike kot tudi za bolj izku\u0161ene motoriste.<\/p>\n<p data-start=\"893\" data-end=\"907\">Idealna je za:<\/p>\n<ul>\n<li data-start=\"910\" data-end=\"943\">dnevne poti in mestno mobilnost<\/li>\n<li data-start=\"946\" data-end=\"988\">vikend izlete in lahke off-road avanture<\/li>\n<li data-start=\"991\" data-end=\"1048\">za\u010detnike ter tiste, ki i\u0161\u010dejo univerzalno motorno kolo<\/li>\n<li data-start=\"1051\" data-end=\"1105\">pohodnike, ki cenijo zanesljivo in ekonomi\u010dno vo\u017enjo<\/li>\n<li data-start=\"1108\" data-end=\"1219\">ljubitelje dvokolesnikov v segmentu 250 cc class dual-purpose motociklov.<\/li>\n<\/ul>\n","protected":false},"excerpt":{"rendered":"<p>CFMOTO CFLITE 250 DUAL je vsestranski dual-purpose motocikel zasnovan za vsakodnevno vo\u017enjo po ulicah, ter za light adventure avanture zunaj asfaltiranih cest. Ponuja optimalno ravnovesje mo\u010d\/te\u017ea\/udobje, kar omogo\u010da udobno navigacijo v urbanih sredi\u0161\u010dih in samozavesten nastop na zahtevnej\u0161ih terenih. Njegova aerodinami\u010dna oblika, stabilno podvozje in&#8230;<\/p>\n","protected":false},"featured_media":11323,"template":"","meta":[],"product_cat":[131],"product_tag":[],"_links":{"self":[{"href":"https:\/\/www.sba.si\/index.php\/wp-json\/wp\/v2\/product\/11318"}],"collection":[{"href":"https:\/\/www.sba.si\/index.php\/wp-json\/wp\/v2\/product"}],"about":[{"href":"https:\/\/www.sba.si\/index.php\/wp-json\/wp\/v2\/types\/product"}],"version-history":[{"count":3,"href":"https:\/\/www.sba.si\/index.php\/wp-json\/wp\/v2\/product\/11318\/revisions"}],"predecessor-version":[{"id":11325,"href":"https:\/\/www.sba.si\/index.php\/wp-json\/wp\/v2\/product\/11318\/revisions\/11325"}],"wp:featuredmedia":[{"embeddable":true,"href":"https:\/\/www.sba.si\/index.php\/wp-json\/wp\/v2\/media\/11323"}],"wp:attachment":[{"href":"https:\/\/www.sba.si\/index.php\/wp-json\/wp\/v2\/media?parent=11318"}],"wp:term":[{"taxonomy":"product_cat","embeddable":true,"href":"https:\/\/www.sba.si\/index.php\/wp-json\/wp\/v2\/product_cat?post=11318"},{"taxonomy":"product_tag","embeddable":true,"href":"https:\/\/www.sba.si\/index.php\/wp-json\/wp\/v2\/product_tag?post=11318"}],"curies":[{"name":"wp","href":"https:\/\/api.w.org\/{rel}","templated":true}]}}