{"id":11671,"date":"2026-04-15T14:55:09","date_gmt":"2026-04-15T12:55:09","guid":{"rendered":"https:\/\/www.sba.si\/?post_type=product&#038;p=11671"},"modified":"2026-04-15T15:56:04","modified_gmt":"2026-04-15T13:56:04","slug":"linhai-elektricni-utv-lh-80du-2x4","status":"publish","type":"product","link":"https:\/\/www.sba.si\/index.php\/izdelek\/linhai-elektricni-utv-lh-80du-2x4\/","title":{"rendered":"LINHAI ELEKTRI\u010cNI UTV LH-80DU 2\u00d74"},"content":{"rendered":"","protected":false},"excerpt":{"rendered":"<p>Elektri\u010dni UTV Linhai LH80DU prina\u0161a sodobno in tiho delovanje povsod tam, kjer je potreben u\u010dinkovit pomo\u010dnik brez emisij. Idealen je za ekolo\u0161ke kmetije, vrtnarske storitve, vzdr\u017eevanje parkov, sadovnjakov ali golfskih igri\u0161\u010d, pa tudi za uporabo v halah, skladi\u0161\u010dih in drugih zaprtih prostorih.<\/p>\n<p>Robustna konstrukcija, tovorna keson in odli\u010dna okretnost naredijo LH80DU zanesljiv delovni stroj za vsakodnevna opravila. Tiho delovanje ne pla\u0161i divjadi, minimalne zahteve po vzdr\u017eevanju zni\u017eujejo obratovalne stro\u0161ke, elektri\u010dni pogon pa omogo\u010da delo tudi tam, kjer motorji z notranjim izgorevanjem niso dovoljeni.<\/p>\n","protected":false},"featured_media":11678,"template":"","meta":[],"product_cat":[124,59,60,112],"product_tag":[],"_links":{"self":[{"href":"https:\/\/www.sba.si\/index.php\/wp-json\/wp\/v2\/product\/11671"}],"collection":[{"href":"https:\/\/www.sba.si\/index.php\/wp-json\/wp\/v2\/product"}],"about":[{"href":"https:\/\/www.sba.si\/index.php\/wp-json\/wp\/v2\/types\/product"}],"version-history":[{"count":1,"href":"https:\/\/www.sba.si\/index.php\/wp-json\/wp\/v2\/product\/11671\/revisions"}],"predecessor-version":[{"id":11679,"href":"https:\/\/www.sba.si\/index.php\/wp-json\/wp\/v2\/product\/11671\/revisions\/11679"}],"wp:featuredmedia":[{"embeddable":true,"href":"https:\/\/www.sba.si\/index.php\/wp-json\/wp\/v2\/media\/11678"}],"wp:attachment":[{"href":"https:\/\/www.sba.si\/index.php\/wp-json\/wp\/v2\/media?parent=11671"}],"wp:term":[{"taxonomy":"product_cat","embeddable":true,"href":"https:\/\/www.sba.si\/index.php\/wp-json\/wp\/v2\/product_cat?post=11671"},{"taxonomy":"product_tag","embeddable":true,"href":"https:\/\/www.sba.si\/index.php\/wp-json\/wp\/v2\/product_tag?post=11671"}],"curies":[{"name":"wp","href":"https:\/\/api.w.org\/{rel}","templated":true}]}}