{"id":196,"date":"2022-01-10T17:01:45","date_gmt":"2022-01-10T16:01:45","guid":{"rendered":"https:\/\/www.sba.si\/prenova\/?post_type=product&#038;p=196"},"modified":"2022-01-10T17:02:40","modified_gmt":"2022-01-10T16:02:40","slug":"hlace-challenger-grand-canyon","status":"publish","type":"product","link":"https:\/\/www.sba.si\/index.php\/izdelek\/hlace-challenger-grand-canyon\/","title":{"rendered":"HLA\u010cE CHALLENGER Grand Canyon"},"content":{"rendered":"","protected":false},"excerpt":{"rendered":"<p>Celoletne hla\u010de za vse vremenske pogoje, Grand Canyon Challenger hla\u010de se najbolje podajo z jakno Challenger in tako tvorijo perfekten touring komplet. Challenger hla\u010de nudijo visoko udobje in funkcionalnost s tem pa so primerne za vse vremenske pogoje \u010dez celo leto.<\/p>\n<hr \/>\n<ul>\n<li>Nepremo\u010dljive, proti vetru<\/li>\n<li>\u201cZ-liner\u201d notranja membrana omogo\u010da zra\u010dnost<\/li>\n<li>Odstranljiva notranja termo podloga<\/li>\n<li>Zadrga za zapenjanje z jakno<\/li>\n<li>Dva \u017eepa spredaj<\/li>\n<li>Fleksibilen del na koleni za maksimalno udobje<\/li>\n<li>Odsevniki za ve\u010djo vidnost<\/li>\n<li>Odstranljivi \u0161\u010ditniki na kolenih in bokih<\/li>\n<li>\u0160\u010ditniki CE<\/li>\n<li>Nastavljive s pasom<\/li>\n<\/ul>\n<hr \/>\n<p>Velikosti od S do 4XL<\/p>\n","protected":false},"featured_media":250,"template":"","meta":[],"product_cat":[38,42,43],"product_tag":[],"_links":{"self":[{"href":"https:\/\/www.sba.si\/index.php\/wp-json\/wp\/v2\/product\/196"}],"collection":[{"href":"https:\/\/www.sba.si\/index.php\/wp-json\/wp\/v2\/product"}],"about":[{"href":"https:\/\/www.sba.si\/index.php\/wp-json\/wp\/v2\/types\/product"}],"version-history":[{"count":0,"href":"https:\/\/www.sba.si\/index.php\/wp-json\/wp\/v2\/product\/196\/revisions"}],"wp:featuredmedia":[{"embeddable":true,"href":"https:\/\/www.sba.si\/index.php\/wp-json\/wp\/v2\/media\/250"}],"wp:attachment":[{"href":"https:\/\/www.sba.si\/index.php\/wp-json\/wp\/v2\/media?parent=196"}],"wp:term":[{"taxonomy":"product_cat","embeddable":true,"href":"https:\/\/www.sba.si\/index.php\/wp-json\/wp\/v2\/product_cat?post=196"},{"taxonomy":"product_tag","embeddable":true,"href":"https:\/\/www.sba.si\/index.php\/wp-json\/wp\/v2\/product_tag?post=196"}],"curies":[{"name":"wp","href":"https:\/\/api.w.org\/{rel}","templated":true}]}}