{"id":426,"date":"2022-01-10T17:06:35","date_gmt":"2022-01-10T16:06:35","guid":{"rendered":"https:\/\/www.sba.si\/prenova\/?post_type=product&#038;p=426"},"modified":"2022-01-10T17:10:17","modified_gmt":"2022-01-10T16:10:17","slug":"skripec-do-8t-6-10mm","status":"publish","type":"product","link":"https:\/\/www.sba.si\/index.php\/izdelek\/skripec-do-8t-6-10mm\/","title":{"rendered":"\u0160KRIPEC  do 8t, 6-10mm"},"content":{"rendered":"","protected":false},"excerpt":{"rendered":"<p>\u0160kripec do 8t, 6-10mm s \u010depom za podmazovanje.<\/p>\n","protected":false},"featured_media":528,"template":"","meta":[],"product_cat":[54,69],"product_tag":[],"_links":{"self":[{"href":"https:\/\/www.sba.si\/index.php\/wp-json\/wp\/v2\/product\/426"}],"collection":[{"href":"https:\/\/www.sba.si\/index.php\/wp-json\/wp\/v2\/product"}],"about":[{"href":"https:\/\/www.sba.si\/index.php\/wp-json\/wp\/v2\/types\/product"}],"version-history":[{"count":0,"href":"https:\/\/www.sba.si\/index.php\/wp-json\/wp\/v2\/product\/426\/revisions"}],"wp:featuredmedia":[{"embeddable":true,"href":"https:\/\/www.sba.si\/index.php\/wp-json\/wp\/v2\/media\/528"}],"wp:attachment":[{"href":"https:\/\/www.sba.si\/index.php\/wp-json\/wp\/v2\/media?parent=426"}],"wp:term":[{"taxonomy":"product_cat","embeddable":true,"href":"https:\/\/www.sba.si\/index.php\/wp-json\/wp\/v2\/product_cat?post=426"},{"taxonomy":"product_tag","embeddable":true,"href":"https:\/\/www.sba.si\/index.php\/wp-json\/wp\/v2\/product_tag?post=426"}],"curies":[{"name":"wp","href":"https:\/\/api.w.org\/{rel}","templated":true}]}}