{"id":467,"date":"2022-01-10T17:08:29","date_gmt":"2022-01-10T16:08:29","guid":{"rendered":"https:\/\/www.sba.si\/prenova\/?post_type=product&#038;p=467"},"modified":"2025-11-05T12:12:30","modified_gmt":"2025-11-05T11:12:30","slug":"snezni-plug-shark-1-5-m-z-adapterjem-2","status":"publish","type":"product","link":"https:\/\/www.sba.si\/index.php\/izdelek\/snezni-plug-shark-1-5-m-z-adapterjem-2\/","title":{"rendered":"SNE\u017dNI PLUG SHARK 1.5 M Z ADAPTERJEM &#8211; PLASTI\u010cEN"},"content":{"rendered":"","protected":false},"excerpt":{"rendered":"<p>Mo\u010dni in trpe\u017eni SHARK ATV \/ UTV sne\u017eni plugi vam pomagajo kon\u010dati oranje dvori\u0161\u010d ali delovnih mest v nekaj minutah. Inovativne SHARK sne\u017eni plugi so se izkazali z bolj\u0161im delovanjem in vzdr\u017eljivostjo kot jekleni plugi. Polietilenske plugi so la\u017eji, ti\u0161ji, bolj prijazen do oranja povr\u0161in \u2013 in nikoli ne bo rje Prav tako so bolj prijazni do ATV \/ UTVs, saj so pri vseh temperaturah rahlo zvija, kar ima za prednost manj vpliva in manj pritiska na okvir, v oranju.<\/p>\n<p>\u2022 152 cm dol\u017eina in raz\u0161irjena vi\u0161ina za pove\u010dane zmogljivosti<br \/>\n\u2022 Vzdr\u017eljiva lahka konstrukcija iz polietilena s patentiranimi oja\u010ditvenimi rebri<br \/>\n\u2022 Vzmet za zmanj\u0161anje vpliva sil, \u010de zadenemo ob trd predmet<br \/>\n\u2022 Vklju\u010dno z regulacijo kota nastavitve oranja 5 stopenj<br \/>\n\u2022 Vklju\u010dno z monta\u017eo strojne opreme<br \/>\n\u2022 Za plu\u017eenje snega in trdega razsutega materiala, kot so tla, premoga, gramoza, peska, mul\u010denje, itd<br \/>\n\u2022 Za elektri\u010dno dvigovanje \u2013 preko vitla<\/p>\n<p>Proizvajalec: SHARK \u2013 profesionalna dodatna oprema.<\/p>\n","protected":false},"featured_media":7000,"template":"","meta":[],"product_cat":[54,55,56],"product_tag":[],"_links":{"self":[{"href":"https:\/\/www.sba.si\/index.php\/wp-json\/wp\/v2\/product\/467"}],"collection":[{"href":"https:\/\/www.sba.si\/index.php\/wp-json\/wp\/v2\/product"}],"about":[{"href":"https:\/\/www.sba.si\/index.php\/wp-json\/wp\/v2\/types\/product"}],"version-history":[{"count":3,"href":"https:\/\/www.sba.si\/index.php\/wp-json\/wp\/v2\/product\/467\/revisions"}],"predecessor-version":[{"id":7001,"href":"https:\/\/www.sba.si\/index.php\/wp-json\/wp\/v2\/product\/467\/revisions\/7001"}],"wp:featuredmedia":[{"embeddable":true,"href":"https:\/\/www.sba.si\/index.php\/wp-json\/wp\/v2\/media\/7000"}],"wp:attachment":[{"href":"https:\/\/www.sba.si\/index.php\/wp-json\/wp\/v2\/media?parent=467"}],"wp:term":[{"taxonomy":"product_cat","embeddable":true,"href":"https:\/\/www.sba.si\/index.php\/wp-json\/wp\/v2\/product_cat?post=467"},{"taxonomy":"product_tag","embeddable":true,"href":"https:\/\/www.sba.si\/index.php\/wp-json\/wp\/v2\/product_tag?post=467"}],"curies":[{"name":"wp","href":"https:\/\/api.w.org\/{rel}","templated":true}]}}