{"id":503,"date":"2022-01-10T17:09:43","date_gmt":"2022-01-10T16:09:43","guid":{"rendered":"https:\/\/www.sba.si\/prenova\/?post_type=product&#038;p=503"},"modified":"2022-01-10T17:11:14","modified_gmt":"2022-01-10T16:11:14","slug":"platisca-itp-ss212-12","status":"publish","type":"product","link":"https:\/\/www.sba.si\/index.php\/izdelek\/platisca-itp-ss212-12\/","title":{"rendered":"PLATI\u0160\u010cA ITP SS212 12\u00b4\u00b4"},"content":{"rendered":"","protected":false},"excerpt":{"rendered":"<p><strong><\/strong>Izjemno mo\u010dno, a lahno plati\u0161\u010de \u00a0za terensko vozilo, verjetno najbolj trpe\u017eno\u00a0 enodelno ATV plati\u0161\u010de na trgu, odli\u010dna kombinacija sloga in zmogljivosti, obdelana s \u010drnimi poudarki, vklju\u010dena kolesna kapa, izdelana v ZDA<\/p>\n<p>&nbsp;<\/p>\n","protected":false},"featured_media":576,"template":"","meta":[],"product_cat":[54,79,80],"product_tag":[],"_links":{"self":[{"href":"https:\/\/www.sba.si\/index.php\/wp-json\/wp\/v2\/product\/503"}],"collection":[{"href":"https:\/\/www.sba.si\/index.php\/wp-json\/wp\/v2\/product"}],"about":[{"href":"https:\/\/www.sba.si\/index.php\/wp-json\/wp\/v2\/types\/product"}],"version-history":[{"count":0,"href":"https:\/\/www.sba.si\/index.php\/wp-json\/wp\/v2\/product\/503\/revisions"}],"wp:featuredmedia":[{"embeddable":true,"href":"https:\/\/www.sba.si\/index.php\/wp-json\/wp\/v2\/media\/576"}],"wp:attachment":[{"href":"https:\/\/www.sba.si\/index.php\/wp-json\/wp\/v2\/media?parent=503"}],"wp:term":[{"taxonomy":"product_cat","embeddable":true,"href":"https:\/\/www.sba.si\/index.php\/wp-json\/wp\/v2\/product_cat?post=503"},{"taxonomy":"product_tag","embeddable":true,"href":"https:\/\/www.sba.si\/index.php\/wp-json\/wp\/v2\/product_tag?post=503"}],"curies":[{"name":"wp","href":"https:\/\/api.w.org\/{rel}","templated":true}]}}