{"id":535,"date":"2022-01-10T17:10:28","date_gmt":"2022-01-10T17:10:28","guid":{"rendered":"https:\/\/www.sba.si\/prenova\/?post_type=product&#038;p=535"},"modified":"2023-12-28T15:26:35","modified_gmt":"2023-12-28T15:26:35","slug":"posoda-za-gorivo","status":"publish","type":"product","link":"https:\/\/www.sba.si\/index.php\/izdelek\/posoda-za-gorivo\/","title":{"rendered":"POSODA ZA GORIVO 10L"},"content":{"rendered":"","protected":false},"excerpt":{"rendered":"<p>Plasti\u010dna posoda za gorivo, 10 litrov, pokrov z vijakom, 46 x 34x 10 cm, standardni premer pokrova za polnjenje, lo\u010den pokrov za odzra\u010devanje iz visokokakovostnega polietilena LLDPE visoke gostote<\/p>\n<p>&nbsp;<\/p>\n","protected":false},"featured_media":605,"template":"","meta":[],"product_cat":[54,64,82],"product_tag":[],"_links":{"self":[{"href":"https:\/\/www.sba.si\/index.php\/wp-json\/wp\/v2\/product\/535"}],"collection":[{"href":"https:\/\/www.sba.si\/index.php\/wp-json\/wp\/v2\/product"}],"about":[{"href":"https:\/\/www.sba.si\/index.php\/wp-json\/wp\/v2\/types\/product"}],"version-history":[{"count":2,"href":"https:\/\/www.sba.si\/index.php\/wp-json\/wp\/v2\/product\/535\/revisions"}],"predecessor-version":[{"id":6808,"href":"https:\/\/www.sba.si\/index.php\/wp-json\/wp\/v2\/product\/535\/revisions\/6808"}],"wp:featuredmedia":[{"embeddable":true,"href":"https:\/\/www.sba.si\/index.php\/wp-json\/wp\/v2\/media\/605"}],"wp:attachment":[{"href":"https:\/\/www.sba.si\/index.php\/wp-json\/wp\/v2\/media?parent=535"}],"wp:term":[{"taxonomy":"product_cat","embeddable":true,"href":"https:\/\/www.sba.si\/index.php\/wp-json\/wp\/v2\/product_cat?post=535"},{"taxonomy":"product_tag","embeddable":true,"href":"https:\/\/www.sba.si\/index.php\/wp-json\/wp\/v2\/product_tag?post=535"}],"curies":[{"name":"wp","href":"https:\/\/api.w.org\/{rel}","templated":true}]}}