{"id":5460,"date":"2022-12-28T10:46:58","date_gmt":"2022-12-28T10:46:58","guid":{"rendered":"https:\/\/www.sba.si\/?post_type=product&#038;p=5460"},"modified":"2024-01-25T10:33:21","modified_gmt":"2024-01-25T10:33:21","slug":"kenda-k299-25x8x12-25x10x12-komplet","status":"publish","type":"product","link":"https:\/\/www.sba.si\/index.php\/izdelek\/kenda-k299-25x8x12-25x10x12-komplet\/","title":{"rendered":"KENDA K299 25x8x12  25x10x12 &#8211; KOMPLET"},"content":{"rendered":"","protected":false},"excerpt":{"rendered":"<p>&nbsp;<\/p>\n<p>Originalna &#8220;Bearclaw&#8221; pnevmatika! Najbolj vsestranska pnevmatika za uporabo v najrazli\u010dnej\u0161ih pogojih. Ta pnevmatika resni\u010dno zmore vse!<\/p>\n<p>6-slojna pnevmatika nudi maksimalno odpornost proti predrtju.<br \/>\nOja\u010dane bo\u010dnice za maksimalni oprijem na terenu.<\/p>\n<p>&nbsp;<\/p>\n","protected":false},"featured_media":5461,"template":"","meta":[],"product_cat":[75,87,88],"product_tag":[],"_links":{"self":[{"href":"https:\/\/www.sba.si\/index.php\/wp-json\/wp\/v2\/product\/5460"}],"collection":[{"href":"https:\/\/www.sba.si\/index.php\/wp-json\/wp\/v2\/product"}],"about":[{"href":"https:\/\/www.sba.si\/index.php\/wp-json\/wp\/v2\/types\/product"}],"version-history":[{"count":2,"href":"https:\/\/www.sba.si\/index.php\/wp-json\/wp\/v2\/product\/5460\/revisions"}],"predecessor-version":[{"id":7033,"href":"https:\/\/www.sba.si\/index.php\/wp-json\/wp\/v2\/product\/5460\/revisions\/7033"}],"wp:featuredmedia":[{"embeddable":true,"href":"https:\/\/www.sba.si\/index.php\/wp-json\/wp\/v2\/media\/5461"}],"wp:attachment":[{"href":"https:\/\/www.sba.si\/index.php\/wp-json\/wp\/v2\/media?parent=5460"}],"wp:term":[{"taxonomy":"product_cat","embeddable":true,"href":"https:\/\/www.sba.si\/index.php\/wp-json\/wp\/v2\/product_cat?post=5460"},{"taxonomy":"product_tag","embeddable":true,"href":"https:\/\/www.sba.si\/index.php\/wp-json\/wp\/v2\/product_tag?post=5460"}],"curies":[{"name":"wp","href":"https:\/\/api.w.org\/{rel}","templated":true}]}}