{"id":5858,"date":"2023-04-22T09:11:58","date_gmt":"2023-04-22T07:11:58","guid":{"rendered":"https:\/\/www.sba.si\/?post_type=product&#038;p=5858"},"modified":"2025-06-10T16:44:48","modified_gmt":"2025-06-10T14:44:48","slug":"cf-moto-z1000r-sport-eps","status":"publish","type":"product","link":"https:\/\/www.sba.si\/index.php\/izdelek\/cf-moto-z1000r-sport-eps\/","title":{"rendered":"CFMOTO Z1000R SPORT EPS"},"content":{"rendered":"","protected":false},"excerpt":{"rendered":"<p>CFMOTO Z1000R SPORT EPS!<\/p>\n<p>Drzna in popolnoma izvirna zasnova, izjemno zmogljiv dvovaljni 1000-kubi\u010dni motor s sedaj kar 85KM in najsodobnej\u0161a tehnologija s sodobnim naprednim plinskim podvozjem prina\u0161ajo povsem novo dimenzijo zabave!<\/p>\n<p>Takoj\u0161en odziv preko elektronsko nadzorovanega gasa, najsodobnej\u0161i progresivni servo volan in dobro nastavljeno moderno podvozje omogo\u010dajo da noben teren ne bo ovira in noben hrib ne predolg.<\/p>\n<p>Posodobljeni 1000ccm3 agregat\u00a0 lahko popolnoma zadovolji vse zahteve \u0161e tako zahtevnega uporabnika, zlasti s svojo prilagodljivostjo in gladkim delovanjem. \u010ce potrebujete eksplozivno energijo, vas bo pritisk na pedal za plin potisnil v anatomsko oblikovan sede\u017e.<\/p>\n<p>Uporabnik\u00a0 bo zelo cenil streho , ki nudi varnost tudi v najte\u017ejih situacijah. Kakovostni trito\u010dkovni varnostni pasovi so nekaj samoumevnega, uporabnika varujejo tudi vrata z jekleno oja\u010ditvijo. Visoko zmogljivi \u017earometi LED so bistven pomo\u010dnik, ki v vseh okoli\u0161\u010dinah osvetlijo teren z mo\u010dno svetlobo. Poleg prakti\u010dnosti so tudi ena glavnih oblikovalskih atrakcij celotnega modela. V osnovni opremi je tudi homologirana vle\u010dna naprava z elektri\u010dno vti\u010dnico in sprednji elektri\u010dni vitel. Novi CFMOTO Z1000R Sport je opremljen s velikim 37-litrskim rezervoarjem za gorivo.<\/p>\n<p>CFMOTO Z1000R Sport &#8211; pravo adrenalinsko do\u017eivetje se lahko za\u010dne!<\/p>\n","protected":false},"featured_media":5859,"template":"","meta":[],"product_cat":[124,59,68,115],"product_tag":[],"_links":{"self":[{"href":"https:\/\/www.sba.si\/index.php\/wp-json\/wp\/v2\/product\/5858"}],"collection":[{"href":"https:\/\/www.sba.si\/index.php\/wp-json\/wp\/v2\/product"}],"about":[{"href":"https:\/\/www.sba.si\/index.php\/wp-json\/wp\/v2\/types\/product"}],"version-history":[{"count":5,"href":"https:\/\/www.sba.si\/index.php\/wp-json\/wp\/v2\/product\/5858\/revisions"}],"predecessor-version":[{"id":8990,"href":"https:\/\/www.sba.si\/index.php\/wp-json\/wp\/v2\/product\/5858\/revisions\/8990"}],"wp:featuredmedia":[{"embeddable":true,"href":"https:\/\/www.sba.si\/index.php\/wp-json\/wp\/v2\/media\/5859"}],"wp:attachment":[{"href":"https:\/\/www.sba.si\/index.php\/wp-json\/wp\/v2\/media?parent=5858"}],"wp:term":[{"taxonomy":"product_cat","embeddable":true,"href":"https:\/\/www.sba.si\/index.php\/wp-json\/wp\/v2\/product_cat?post=5858"},{"taxonomy":"product_tag","embeddable":true,"href":"https:\/\/www.sba.si\/index.php\/wp-json\/wp\/v2\/product_tag?post=5858"}],"curies":[{"name":"wp","href":"https:\/\/api.w.org\/{rel}","templated":true}]}}