{"id":6278,"date":"2023-10-27T12:30:28","date_gmt":"2023-10-27T12:30:28","guid":{"rendered":"https:\/\/www.sba.si\/?post_type=product&#038;p=6278"},"modified":"2025-11-27T16:53:16","modified_gmt":"2025-11-27T15:53:16","slug":"tgb-blade-1000-limited-ltx-max-eps-4x4-t3b","status":"publish","type":"product","link":"https:\/\/www.sba.si\/index.php\/izdelek\/tgb-blade-1000-limited-ltx-max-eps-4x4-t3b\/","title":{"rendered":"TGB BLADE 1000 LIMITED LTX MAX EPS 4&#215;4 T3B BLACK FRIDAY AKCIJA"},"content":{"rendered":"","protected":false},"excerpt":{"rendered":"<p>Novi model TGB Blade 1000 LTX MAX EPS <strong>LIMITED<\/strong>\u00a0sedaj v posebni omejeni izdaji, ki vsebuje posebno barvo vozila in \u017ee tovarni\u0161ko name\u0161\u010den zadnji odbija\u010d.<\/p>\n<p>Novi model\u00a0 TGB Blade 1000 LTX MAX EPS sedaj nudi digitalni TFT ekran z Bluetooth povezljivostjo, 3 stopenjsko nastavljiv EPS (servo) krmilo, kompletne LED Matrix \u017earomete spredaj in zadaj in edinstvena plati\u0161\u010da. Izbolj\u0161an odmik od tal sprednjega dela vozila v kombinacijami z neodvisnimi dvojnimi rokami spredaj in zadaj ponujajo \u0161e bolj\u0161e udobje in manevriranje kot do sedaj.<\/p>\n<p>Najbolj\u0161i\u00a0 in najmo\u010dnej\u0161i\u00a0 TGB Blade 1000 LTX MAX EPS zdru\u017euje najsodobnej\u0161o tehnologijo in dolgoletne izku\u0161nje proizvajalca TGB. Poleg najve\u010djega\u00a0 in najmo\u010dnej\u0161ega\u00a0 TGB motorja\u00a0 ponuja edinstveni 4&#215;4 pogon\u00a0 z dvema diferencialoma na sprednji in zadnji osi. Neodvisno vzmetenje za vsako kolo posebej, velika oddaljenost od tal in \u0161iroka postavitev koles omogo\u010data popolno stabilnost in premagovanje ovir\u00a0 na terenu. Podalj\u0161ana\u00a0 medosna razdalja z lo\u010denima sede\u017eema nudi udobje in varnost za voznika in sopotnika.\u00a0 Dobro opremljeni ATV prav tako odlikuje izjemna spretnost, enostavna in prijetna vo\u017enja ter odli\u010dna cena, kakovost in uporabnost. Na novo razvit \u0161tiritaktni dvovaljnik OHC 1000 V &#8211; nudi vrhunsko dinamiko in izjemno vle\u010dno mo\u010d in skoraj dirka\u0161ke pospe\u0161ke. TGB Blade 1000 LTX MAX EPS 4&#215;4 pa je \u017ee v osnovi opremljen tudi z elektri\u010dno vitlo in vle\u010dno napravo.<\/p>\n<p>Barve:\u00a0<img src=\"https:\/\/www.tgbmotor.cz\/image\/data\/Colors\/color-black.png\" alt=\"B\u00edl\u00e1\" \/><\/p>\n","protected":false},"featured_media":6280,"template":"","meta":[],"product_cat":[61,59,63,117],"product_tag":[],"_links":{"self":[{"href":"https:\/\/www.sba.si\/index.php\/wp-json\/wp\/v2\/product\/6278"}],"collection":[{"href":"https:\/\/www.sba.si\/index.php\/wp-json\/wp\/v2\/product"}],"about":[{"href":"https:\/\/www.sba.si\/index.php\/wp-json\/wp\/v2\/types\/product"}],"version-history":[{"count":4,"href":"https:\/\/www.sba.si\/index.php\/wp-json\/wp\/v2\/product\/6278\/revisions"}],"predecessor-version":[{"id":10930,"href":"https:\/\/www.sba.si\/index.php\/wp-json\/wp\/v2\/product\/6278\/revisions\/10930"}],"wp:featuredmedia":[{"embeddable":true,"href":"https:\/\/www.sba.si\/index.php\/wp-json\/wp\/v2\/media\/6280"}],"wp:attachment":[{"href":"https:\/\/www.sba.si\/index.php\/wp-json\/wp\/v2\/media?parent=6278"}],"wp:term":[{"taxonomy":"product_cat","embeddable":true,"href":"https:\/\/www.sba.si\/index.php\/wp-json\/wp\/v2\/product_cat?post=6278"},{"taxonomy":"product_tag","embeddable":true,"href":"https:\/\/www.sba.si\/index.php\/wp-json\/wp\/v2\/product_tag?post=6278"}],"curies":[{"name":"wp","href":"https:\/\/api.w.org\/{rel}","templated":true}]}}