{"id":717,"date":"2022-01-10T17:14:21","date_gmt":"2022-01-10T16:14:21","guid":{"rendered":"https:\/\/www.sba.si\/prenova\/?post_type=product&#038;p=717"},"modified":"2022-01-10T17:15:42","modified_gmt":"2022-01-10T16:15:42","slug":"podkapa-iz-naravnih-materialov-hevik-hac209","status":"publish","type":"product","link":"https:\/\/www.sba.si\/index.php\/izdelek\/podkapa-iz-naravnih-materialov-hevik-hac209\/","title":{"rendered":"PODKAPA IZ NARAVNIH MATERIALOV HEVIK HAC209"},"content":{"rendered":"","protected":false},"excerpt":{"rendered":"<p>Celoletna podkapa z za\u0161\u010dito obraza in vratu. Plo\u0161\u010dati \u0161ivi za ve\u010dje udobje. Naravni materiali omogo\u010dajo antistati\u010dnost in dihanje.<\/p>\n<hr \/>\n<p>&nbsp;<\/p>\n<ul>\n<li>Material: bomba\u017e in svila.<\/li>\n<li>Najbolj\u0161e udobje z tankimi materiali<\/li>\n<li>Hladna poleti in topla pozimi<\/li>\n<li>Plo\u0161\u010dati \u0161ivi za ve\u010dje udobje<\/li>\n<\/ul>\n<hr \/>\n<ul>\n<li>Velikost: Univerzalna<\/li>\n<\/ul>\n","protected":false},"featured_media":762,"template":"","meta":[],"product_cat":[38,53],"product_tag":[],"_links":{"self":[{"href":"https:\/\/www.sba.si\/index.php\/wp-json\/wp\/v2\/product\/717"}],"collection":[{"href":"https:\/\/www.sba.si\/index.php\/wp-json\/wp\/v2\/product"}],"about":[{"href":"https:\/\/www.sba.si\/index.php\/wp-json\/wp\/v2\/types\/product"}],"version-history":[{"count":0,"href":"https:\/\/www.sba.si\/index.php\/wp-json\/wp\/v2\/product\/717\/revisions"}],"wp:featuredmedia":[{"embeddable":true,"href":"https:\/\/www.sba.si\/index.php\/wp-json\/wp\/v2\/media\/762"}],"wp:attachment":[{"href":"https:\/\/www.sba.si\/index.php\/wp-json\/wp\/v2\/media?parent=717"}],"wp:term":[{"taxonomy":"product_cat","embeddable":true,"href":"https:\/\/www.sba.si\/index.php\/wp-json\/wp\/v2\/product_cat?post=717"},{"taxonomy":"product_tag","embeddable":true,"href":"https:\/\/www.sba.si\/index.php\/wp-json\/wp\/v2\/product_tag?post=717"}],"curies":[{"name":"wp","href":"https:\/\/api.w.org\/{rel}","templated":true}]}}