{"id":722,"date":"2022-01-10T17:14:24","date_gmt":"2022-01-10T16:14:24","guid":{"rendered":"https:\/\/www.sba.si\/prenova\/?post_type=product&#038;p=722"},"modified":"2022-01-10T17:15:56","modified_gmt":"2022-01-10T16:15:56","slug":"platisca-moose-387x","status":"publish","type":"product","link":"https:\/\/www.sba.si\/index.php\/izdelek\/platisca-moose-387x\/","title":{"rendered":"PLATI\u0160\u010cA MOOSE 387X"},"content":{"rendered":"","protected":false},"excerpt":{"rendered":"<p>Plati\u0161\u010da MOOSE 387X<\/p>\n<p>4\/110, 4\/136, 4\/156<\/p>\n<p>Barva: \u010drna<\/p>\n<p>Model 387x<\/p>\n<p>12 ali 14 col<\/p>\n","protected":false},"featured_media":777,"template":"","meta":[],"product_cat":[54,79,80],"product_tag":[],"_links":{"self":[{"href":"https:\/\/www.sba.si\/index.php\/wp-json\/wp\/v2\/product\/722"}],"collection":[{"href":"https:\/\/www.sba.si\/index.php\/wp-json\/wp\/v2\/product"}],"about":[{"href":"https:\/\/www.sba.si\/index.php\/wp-json\/wp\/v2\/types\/product"}],"version-history":[{"count":0,"href":"https:\/\/www.sba.si\/index.php\/wp-json\/wp\/v2\/product\/722\/revisions"}],"wp:featuredmedia":[{"embeddable":true,"href":"https:\/\/www.sba.si\/index.php\/wp-json\/wp\/v2\/media\/777"}],"wp:attachment":[{"href":"https:\/\/www.sba.si\/index.php\/wp-json\/wp\/v2\/media?parent=722"}],"wp:term":[{"taxonomy":"product_cat","embeddable":true,"href":"https:\/\/www.sba.si\/index.php\/wp-json\/wp\/v2\/product_cat?post=722"},{"taxonomy":"product_tag","embeddable":true,"href":"https:\/\/www.sba.si\/index.php\/wp-json\/wp\/v2\/product_tag?post=722"}],"curies":[{"name":"wp","href":"https:\/\/api.w.org\/{rel}","templated":true}]}}