{"id":7407,"date":"2024-04-30T08:13:55","date_gmt":"2024-04-30T08:13:55","guid":{"rendered":"https:\/\/www.sba.si\/?post_type=product&#038;p=7407"},"modified":"2024-04-30T08:14:33","modified_gmt":"2024-04-30T08:14:33","slug":"celada-ls2-ff908-strobe-ii-crna-rumena","status":"publish","type":"product","link":"https:\/\/www.sba.si\/index.php\/izdelek\/celada-ls2-ff908-strobe-ii-crna-rumena\/","title":{"rendered":"\u010cELADA LS2 FF908 STROBE II &#8211; \u010cRNA RUMENA"},"content":{"rendered":"","protected":false},"excerpt":{"rendered":"<p>Moderna preklopna \u010delada z visoko aktivno varnostjo, UV odporno KPA kompozitno lupino, notranjim son\u010dnim vizirjem, polikarbonatni vizir proti praskam\/UV, dinami\u010dno preto\u010dno prezra\u010devanje z nastavljivimi odprtinami za dovod zraka, za\u0161\u010dita podbradka, odstranljiva in pralna notranjost, te\u017ea: 1580g.<\/p>\n","protected":false},"featured_media":7408,"template":"","meta":[],"product_cat":[38,45,47],"product_tag":[],"_links":{"self":[{"href":"https:\/\/www.sba.si\/index.php\/wp-json\/wp\/v2\/product\/7407"}],"collection":[{"href":"https:\/\/www.sba.si\/index.php\/wp-json\/wp\/v2\/product"}],"about":[{"href":"https:\/\/www.sba.si\/index.php\/wp-json\/wp\/v2\/types\/product"}],"version-history":[{"count":1,"href":"https:\/\/www.sba.si\/index.php\/wp-json\/wp\/v2\/product\/7407\/revisions"}],"predecessor-version":[{"id":7409,"href":"https:\/\/www.sba.si\/index.php\/wp-json\/wp\/v2\/product\/7407\/revisions\/7409"}],"wp:featuredmedia":[{"embeddable":true,"href":"https:\/\/www.sba.si\/index.php\/wp-json\/wp\/v2\/media\/7408"}],"wp:attachment":[{"href":"https:\/\/www.sba.si\/index.php\/wp-json\/wp\/v2\/media?parent=7407"}],"wp:term":[{"taxonomy":"product_cat","embeddable":true,"href":"https:\/\/www.sba.si\/index.php\/wp-json\/wp\/v2\/product_cat?post=7407"},{"taxonomy":"product_tag","embeddable":true,"href":"https:\/\/www.sba.si\/index.php\/wp-json\/wp\/v2\/product_tag?post=7407"}],"curies":[{"name":"wp","href":"https:\/\/api.w.org\/{rel}","templated":true}]}}