{"id":7835,"date":"2024-09-17T15:36:24","date_gmt":"2024-09-17T13:36:24","guid":{"rendered":"https:\/\/www.sba.si\/?post_type=product&#038;p=7835"},"modified":"2024-09-17T15:38:25","modified_gmt":"2024-09-17T13:38:25","slug":"tgb-blade-600-ltx-max-limited-eps-4x4-traktor","status":"publish","type":"product","link":"https:\/\/www.sba.si\/index.php\/izdelek\/tgb-blade-600-ltx-max-limited-eps-4x4-traktor\/","title":{"rendered":"TGB BLADE 600 LTX MAX LIMITED EPS 4&#215;4 TRAKTOR"},"content":{"rendered":"","protected":false},"excerpt":{"rendered":"<p>Novi model za leto 2024 TGB Blade 600 LTX MAX EPS LIMITED sedaj nudi digitalni TFT ekran z Bluetooth povezljivostjo, 3 stopenjsko nastavljiv EPS (servo) krmilo, kompletne LED Matrix \u017earomete spredaj in zadaj in edinstvena plati\u0161\u010da. Izbolj\u0161an odmik od tal sprednjega dela vozila v kombinacijami z neodvisnimi dvojnimi rokami spredaj in zadaj ponujajo \u0161e bolj\u0161e udobje in manevriranje kot do sedaj.<\/p>\n<p>TGB zdru\u017euje najsodobnej\u0161o tehnologijo in dolgoletne izku\u0161nje proizvajalca. Poleg vsega ponuja neodvisno vzmetenje za vsako kolo posebej, velika oddaljenost od tal in \u0161iroka postavitev koles omogo\u010data popolno stabilnost in premagovanje ovir\u00a0 na terenu. Podalj\u0161ana\u00a0 medosna razdalja z lo\u010denima sede\u017eema nudi udobje in varnost za voznika in sopotnika.\u00a0 Dobro opremljeni ATV prav tako odlikuje izjemna spretnost, enostavna in prijetna vo\u017enja ter odli\u010dna cena, kakovost in uporabnost. TGB Blade 600 LTX MAX EPS 4&#215;4 pa je \u017ee v osnovi opremljen tudi z elektri\u010dno vitlo in vle\u010dno napravo.<\/p>\n<p>Posebna serija vozila &#8211; LIMITED vsebuje posebno \u010drno &#8211; rumeno barvo grafik in zadnji odbija\u010d.<\/p>\n<p>&nbsp;<\/p>\n<p>Barve:\u00a0<img src=\"https:\/\/www.tgbmotor.cz\/image\/data\/Colors\/color-black.png\" alt=\"B\u00edl\u00e1\" \/><\/p>\n","protected":false},"featured_media":7758,"template":"","meta":[],"product_cat":[61,59,63,117],"product_tag":[],"_links":{"self":[{"href":"https:\/\/www.sba.si\/index.php\/wp-json\/wp\/v2\/product\/7835"}],"collection":[{"href":"https:\/\/www.sba.si\/index.php\/wp-json\/wp\/v2\/product"}],"about":[{"href":"https:\/\/www.sba.si\/index.php\/wp-json\/wp\/v2\/types\/product"}],"version-history":[{"count":1,"href":"https:\/\/www.sba.si\/index.php\/wp-json\/wp\/v2\/product\/7835\/revisions"}],"predecessor-version":[{"id":7836,"href":"https:\/\/www.sba.si\/index.php\/wp-json\/wp\/v2\/product\/7835\/revisions\/7836"}],"wp:featuredmedia":[{"embeddable":true,"href":"https:\/\/www.sba.si\/index.php\/wp-json\/wp\/v2\/media\/7758"}],"wp:attachment":[{"href":"https:\/\/www.sba.si\/index.php\/wp-json\/wp\/v2\/media?parent=7835"}],"wp:term":[{"taxonomy":"product_cat","embeddable":true,"href":"https:\/\/www.sba.si\/index.php\/wp-json\/wp\/v2\/product_cat?post=7835"},{"taxonomy":"product_tag","embeddable":true,"href":"https:\/\/www.sba.si\/index.php\/wp-json\/wp\/v2\/product_tag?post=7835"}],"curies":[{"name":"wp","href":"https:\/\/api.w.org\/{rel}","templated":true}]}}