{"id":8643,"date":"2025-02-26T14:58:46","date_gmt":"2025-02-26T13:58:46","guid":{"rendered":"https:\/\/www.sba.si\/?post_type=product&#038;p=8643"},"modified":"2025-02-26T15:00:52","modified_gmt":"2025-02-26T14:00:52","slug":"alu-spodnja-zascita-podvozja-cfmoto-800nk","status":"publish","type":"product","link":"https:\/\/www.sba.si\/index.php\/izdelek\/alu-spodnja-zascita-podvozja-cfmoto-800nk\/","title":{"rendered":"ALU SPODNJA ZA\u0160\u010cITA PODVOZJA &#8211; CFMOTO 800NK"},"content":{"rendered":"","protected":false},"excerpt":{"rendered":"<p>Na voljo \u010drna ali srebrna.<\/p>\n<p>6KWV-804000-1000-10<\/p>\n","protected":false},"featured_media":8645,"template":"","meta":[],"product_cat":[132,133],"product_tag":[],"_links":{"self":[{"href":"https:\/\/www.sba.si\/index.php\/wp-json\/wp\/v2\/product\/8643"}],"collection":[{"href":"https:\/\/www.sba.si\/index.php\/wp-json\/wp\/v2\/product"}],"about":[{"href":"https:\/\/www.sba.si\/index.php\/wp-json\/wp\/v2\/types\/product"}],"version-history":[{"count":1,"href":"https:\/\/www.sba.si\/index.php\/wp-json\/wp\/v2\/product\/8643\/revisions"}],"predecessor-version":[{"id":8646,"href":"https:\/\/www.sba.si\/index.php\/wp-json\/wp\/v2\/product\/8643\/revisions\/8646"}],"wp:featuredmedia":[{"embeddable":true,"href":"https:\/\/www.sba.si\/index.php\/wp-json\/wp\/v2\/media\/8645"}],"wp:attachment":[{"href":"https:\/\/www.sba.si\/index.php\/wp-json\/wp\/v2\/media?parent=8643"}],"wp:term":[{"taxonomy":"product_cat","embeddable":true,"href":"https:\/\/www.sba.si\/index.php\/wp-json\/wp\/v2\/product_cat?post=8643"},{"taxonomy":"product_tag","embeddable":true,"href":"https:\/\/www.sba.si\/index.php\/wp-json\/wp\/v2\/product_tag?post=8643"}],"curies":[{"name":"wp","href":"https:\/\/api.w.org\/{rel}","templated":true}]}}