{"id":8647,"date":"2025-02-26T15:10:31","date_gmt":"2025-02-26T14:10:31","guid":{"rendered":"https:\/\/www.sba.si\/?post_type=product&#038;p=8647"},"modified":"2025-02-27T14:12:31","modified_gmt":"2025-02-27T13:12:31","slug":"zadnja-alu-plosca-za-kovcek-cfmoto-800mt","status":"publish","type":"product","link":"https:\/\/www.sba.si\/index.php\/izdelek\/zadnja-alu-plosca-za-kovcek-cfmoto-800mt\/","title":{"rendered":"ZADNJA ALU PLO\u0160\u010cA ZA KOV\u010cEK &#8211; CFMOTO 800MT"},"content":{"rendered":"","protected":false},"excerpt":{"rendered":"<p>6WWV-803200-5000<\/p>\n<p><strong data-start=\"0\" data-end=\"94\">ALU plo\u0161\u010da za monta\u017eo kov\u010dka CFMOTO 800MT \u2013 trajna in zanesljiva re\u0161itev za va\u0161a potovanja<\/strong><\/p>\n<p data-start=\"98\" data-end=\"475\">Ta <strong data-start=\"101\" data-end=\"133\">ALU plo\u0161\u010da za monta\u017eo kov\u010dka<\/strong> je posebej zasnovana za <strong data-start=\"158\" data-end=\"174\">CFMOTO 800MT<\/strong>, da omogo\u010di enostavno in varno pritrditev kov\u010dka na va\u0161 motor. Izdelana je iz <strong data-start=\"253\" data-end=\"293\">visokokakovostne aluminijeve zlitine<\/strong>, kar zagotavlja izjemno trdnost, odpornost na korozijo in lahkost. Plo\u0161\u010da je natan\u010dno prilagojena modelu 800MT, kar omogo\u010da hitro in brezskrbno monta\u017eo brez dodatnih prilagoditev.<\/p>\n","protected":false},"featured_media":8649,"template":"","meta":[],"product_cat":[132,135],"product_tag":[],"_links":{"self":[{"href":"https:\/\/www.sba.si\/index.php\/wp-json\/wp\/v2\/product\/8647"}],"collection":[{"href":"https:\/\/www.sba.si\/index.php\/wp-json\/wp\/v2\/product"}],"about":[{"href":"https:\/\/www.sba.si\/index.php\/wp-json\/wp\/v2\/types\/product"}],"version-history":[{"count":2,"href":"https:\/\/www.sba.si\/index.php\/wp-json\/wp\/v2\/product\/8647\/revisions"}],"predecessor-version":[{"id":8770,"href":"https:\/\/www.sba.si\/index.php\/wp-json\/wp\/v2\/product\/8647\/revisions\/8770"}],"wp:featuredmedia":[{"embeddable":true,"href":"https:\/\/www.sba.si\/index.php\/wp-json\/wp\/v2\/media\/8649"}],"wp:attachment":[{"href":"https:\/\/www.sba.si\/index.php\/wp-json\/wp\/v2\/media?parent=8647"}],"wp:term":[{"taxonomy":"product_cat","embeddable":true,"href":"https:\/\/www.sba.si\/index.php\/wp-json\/wp\/v2\/product_cat?post=8647"},{"taxonomy":"product_tag","embeddable":true,"href":"https:\/\/www.sba.si\/index.php\/wp-json\/wp\/v2\/product_tag?post=8647"}],"curies":[{"name":"wp","href":"https:\/\/api.w.org\/{rel}","templated":true}]}}