{"id":8657,"date":"2025-02-26T15:29:28","date_gmt":"2025-02-26T14:29:28","guid":{"rendered":"https:\/\/www.sba.si\/?post_type=product&#038;p=8657"},"modified":"2025-02-27T14:18:03","modified_gmt":"2025-02-27T13:18:03","slug":"zascita-hladilnika-cfmoto-800mt","status":"publish","type":"product","link":"https:\/\/www.sba.si\/index.php\/izdelek\/zascita-hladilnika-cfmoto-800mt\/","title":{"rendered":"ZA\u0160\u010cITA HLADILNIKA &#8211; CFMOTO 800MT"},"content":{"rendered":"<p data-start=\"71\" data-end=\"349\">Ta <strong data-start=\"74\" data-end=\"98\">za\u0161\u010dita za hladilnik<\/strong> u\u010dinkovito \u0161\u010diti va\u0161 hladilnik pred <strong data-start=\"135\" data-end=\"175\">prahom, kamen\u010dki in drugimi elementi<\/strong>, ko vozite po <strong data-start=\"190\" data-end=\"227\">neravnih in neasfaltiranih cestah<\/strong>. Izdelana je iz <strong data-start=\"244\" data-end=\"265\">nerjave\u010dega jekla<\/strong>, kar zagotavlja izjemno trdnost, odpornost na korozijo in dolgo \u017eivljenjsko dobo.<\/p>\n<p data-start=\"351\" data-end=\"692\">Za\u0161\u010dita je zasnovana tako, da se popolnoma prilega va\u0161emu vozilu in natan\u010dno \u0161\u010diti hladilnik pred morebitnimi po\u0161kodbami zaradi udarcev, prahu ali vode, hkrati pa omogo\u010da u\u010dinkovito hlajenje motorja. Idealen je za voznike, ki pogosto vozijo po zahtevnih terenih, saj prepre\u010duje po\u0161kodbe hladilnika in zagotavlja nemoteno delovanje motorja.<\/p>\n","protected":false},"excerpt":{"rendered":"<p>6WWV-802010-5000<\/p>\n<p data-start=\"0\" data-end=\"69\"><strong data-start=\"0\" data-end=\"67\">Za\u0161\u010dita za hladilnik \u2013 za\u0161\u010dita pred elementi na cestah<\/strong><\/p>\n","protected":false},"featured_media":8658,"template":"","meta":[],"product_cat":[132,135],"product_tag":[],"_links":{"self":[{"href":"https:\/\/www.sba.si\/index.php\/wp-json\/wp\/v2\/product\/8657"}],"collection":[{"href":"https:\/\/www.sba.si\/index.php\/wp-json\/wp\/v2\/product"}],"about":[{"href":"https:\/\/www.sba.si\/index.php\/wp-json\/wp\/v2\/types\/product"}],"version-history":[{"count":3,"href":"https:\/\/www.sba.si\/index.php\/wp-json\/wp\/v2\/product\/8657\/revisions"}],"predecessor-version":[{"id":8776,"href":"https:\/\/www.sba.si\/index.php\/wp-json\/wp\/v2\/product\/8657\/revisions\/8776"}],"wp:featuredmedia":[{"embeddable":true,"href":"https:\/\/www.sba.si\/index.php\/wp-json\/wp\/v2\/media\/8658"}],"wp:attachment":[{"href":"https:\/\/www.sba.si\/index.php\/wp-json\/wp\/v2\/media?parent=8657"}],"wp:term":[{"taxonomy":"product_cat","embeddable":true,"href":"https:\/\/www.sba.si\/index.php\/wp-json\/wp\/v2\/product_cat?post=8657"},{"taxonomy":"product_tag","embeddable":true,"href":"https:\/\/www.sba.si\/index.php\/wp-json\/wp\/v2\/product_tag?post=8657"}],"curies":[{"name":"wp","href":"https:\/\/api.w.org\/{rel}","templated":true}]}}