{"id":8663,"date":"2025-02-26T16:03:18","date_gmt":"2025-02-26T15:03:18","guid":{"rendered":"https:\/\/www.sba.si\/?post_type=product&#038;p=8663"},"modified":"2025-02-27T14:22:39","modified_gmt":"2025-02-27T13:22:39","slug":"prednja-zascita-luci-cfmoto-800mt","status":"publish","type":"product","link":"https:\/\/www.sba.si\/index.php\/izdelek\/prednja-zascita-luci-cfmoto-800mt\/","title":{"rendered":"PREDNJA ZA\u0160\u010cITA LU\u010cI &#8211; CFMOTO 800MT"},"content":{"rendered":"<p data-start=\"385\" data-end=\"666\">Zasnova omogo\u010da enostavno namestitev in zagotavlja <strong data-start=\"436\" data-end=\"458\">zanesljivo za\u0161\u010dito<\/strong> sprednjih lu\u010di, ne da bi pri tem ovirala svetlobno zmogljivost. Idealna je za motoriste in voznike, ki se pogosto soo\u010dajo z zahtevnimi tereni in \u017eelijo dodatno za\u0161\u010dito za klju\u010dne komponente svojega vozila.<\/p>\n<h3 data-start=\"668\" data-end=\"696\"><strong data-start=\"672\" data-end=\"694\">Klju\u010dne prednosti:<\/strong><\/h3>\n<p data-start=\"697\" data-end=\"1141\">\u2705 <strong data-start=\"699\" data-end=\"743\">U\u010dinkovita za\u0161\u010dita pred zunanjimi vplivi<\/strong> \u2013 prah, blato, kamen\u010dki in voda ne bodo po\u0161kodovali lu\u010di<br data-start=\"800\" data-end=\"803\" \/>\u2705 <strong data-start=\"805\" data-end=\"838\">Izdelana iz nerjave\u010dega jekla<\/strong> \u2013 visoka vzdr\u017eljivost in odpornost na korozijo<br data-start=\"885\" data-end=\"888\" \/>\u2705 <strong data-start=\"890\" data-end=\"911\">Enostavna monta\u017ea<\/strong> \u2013 hitro in preprosto name\u0161\u010danje brez posebnih prilagoditev<br data-start=\"970\" data-end=\"973\" \/>\u2705 <strong data-start=\"975\" data-end=\"1009\">Ohranja svetlobno u\u010dinkovitost<\/strong> \u2013 za\u0161\u010dita ne vpliva na delovanje lu\u010di<br data-start=\"1047\" data-end=\"1050\" \/>\u2705 <strong data-start=\"1052\" data-end=\"1082\">Idealna za terensko vo\u017enjo<\/strong> \u2013 zanesljivost in vzdr\u017eljivost tudi v ekstremnih pogojih<\/p>\n<p data-start=\"1143\" data-end=\"1287\" data-is-last-node=\"\" data-is-only-node=\"\">Z <strong data-start=\"1145\" data-end=\"1169\">prednjo za\u0161\u010dito lu\u010di<\/strong> boste svojemu vozilu zagotovili <strong data-start=\"1202\" data-end=\"1244\">dodatno varnost in dolgotrajno za\u0161\u010dito<\/strong>, ne glede na to, po kak\u0161nem terenu vozite.<\/p>\n","protected":false},"excerpt":{"rendered":"<p>6WWV-806100-5000<\/p>\n<p data-start=\"0\" data-end=\"66\"><strong data-start=\"0\" data-end=\"64\">Prednja za\u0161\u010dita lu\u010di \u2013 zanesljiva za\u0161\u010dita za terensko vo\u017enjo<\/strong><\/p>\n<p data-start=\"68\" data-end=\"383\">Ta <strong data-start=\"71\" data-end=\"95\">prednja za\u0161\u010dita lu\u010di<\/strong> u\u010dinkovito \u0161\u010diti pred <strong data-start=\"118\" data-end=\"171\">prahom, blatom, kamen\u010dki in drugimi vplivi okolja<\/strong>, s katerimi se sre\u010dujete med <strong data-start=\"201\" data-end=\"220\">terensko vo\u017enjo<\/strong>. Izdelana je iz <strong data-start=\"237\" data-end=\"258\">nerjave\u010dega jekla<\/strong>, kar zagotavlja <strong data-start=\"275\" data-end=\"322\">izjemno trpe\u017enost, odpornost proti koroziji<\/strong> in dolgo \u017eivljenjsko dobo tudi v najzahtevnej\u0161ih razmerah.<\/p>\n","protected":false},"featured_media":8664,"template":"","meta":[],"product_cat":[132,135],"product_tag":[],"_links":{"self":[{"href":"https:\/\/www.sba.si\/index.php\/wp-json\/wp\/v2\/product\/8663"}],"collection":[{"href":"https:\/\/www.sba.si\/index.php\/wp-json\/wp\/v2\/product"}],"about":[{"href":"https:\/\/www.sba.si\/index.php\/wp-json\/wp\/v2\/types\/product"}],"version-history":[{"count":3,"href":"https:\/\/www.sba.si\/index.php\/wp-json\/wp\/v2\/product\/8663\/revisions"}],"predecessor-version":[{"id":8782,"href":"https:\/\/www.sba.si\/index.php\/wp-json\/wp\/v2\/product\/8663\/revisions\/8782"}],"wp:featuredmedia":[{"embeddable":true,"href":"https:\/\/www.sba.si\/index.php\/wp-json\/wp\/v2\/media\/8664"}],"wp:attachment":[{"href":"https:\/\/www.sba.si\/index.php\/wp-json\/wp\/v2\/media?parent=8663"}],"wp:term":[{"taxonomy":"product_cat","embeddable":true,"href":"https:\/\/www.sba.si\/index.php\/wp-json\/wp\/v2\/product_cat?post=8663"},{"taxonomy":"product_tag","embeddable":true,"href":"https:\/\/www.sba.si\/index.php\/wp-json\/wp\/v2\/product_tag?post=8663"}],"curies":[{"name":"wp","href":"https:\/\/api.w.org\/{rel}","templated":true}]}}