{"id":8669,"date":"2025-02-26T16:12:52","date_gmt":"2025-02-26T15:12:52","guid":{"rendered":"https:\/\/www.sba.si\/?post_type=product&#038;p=8669"},"modified":"2025-02-27T14:24:25","modified_gmt":"2025-02-27T13:24:25","slug":"zascita-sprednje-posode-zavorne-tekocine-cfmoto-800mt","status":"publish","type":"product","link":"https:\/\/www.sba.si\/index.php\/izdelek\/zascita-sprednje-posode-zavorne-tekocine-cfmoto-800mt\/","title":{"rendered":"ZA\u0160\u010cITA SPREDNJE POSODE ZAVORNE TEKO\u010cINE &#8211; CFMOTO 800MT"},"content":{"rendered":"","protected":false},"excerpt":{"rendered":"<p>6WWV-802300-5000<\/p>\n<p>Za\u0161\u010dita sprednje posode zavorne teko\u010dine za CFMOTO 800MT &#8211; Lasersko izrezana za dolgotrajno za\u0161\u010dito v zahtevnih razmerah.<\/p>\n","protected":false},"featured_media":8674,"template":"","meta":[],"product_cat":[132,135],"product_tag":[],"_links":{"self":[{"href":"https:\/\/www.sba.si\/index.php\/wp-json\/wp\/v2\/product\/8669"}],"collection":[{"href":"https:\/\/www.sba.si\/index.php\/wp-json\/wp\/v2\/product"}],"about":[{"href":"https:\/\/www.sba.si\/index.php\/wp-json\/wp\/v2\/types\/product"}],"version-history":[{"count":4,"href":"https:\/\/www.sba.si\/index.php\/wp-json\/wp\/v2\/product\/8669\/revisions"}],"predecessor-version":[{"id":8783,"href":"https:\/\/www.sba.si\/index.php\/wp-json\/wp\/v2\/product\/8669\/revisions\/8783"}],"wp:featuredmedia":[{"embeddable":true,"href":"https:\/\/www.sba.si\/index.php\/wp-json\/wp\/v2\/media\/8674"}],"wp:attachment":[{"href":"https:\/\/www.sba.si\/index.php\/wp-json\/wp\/v2\/media?parent=8669"}],"wp:term":[{"taxonomy":"product_cat","embeddable":true,"href":"https:\/\/www.sba.si\/index.php\/wp-json\/wp\/v2\/product_cat?post=8669"},{"taxonomy":"product_tag","embeddable":true,"href":"https:\/\/www.sba.si\/index.php\/wp-json\/wp\/v2\/product_tag?post=8669"}],"curies":[{"name":"wp","href":"https:\/\/api.w.org\/{rel}","templated":true}]}}