{"id":8676,"date":"2025-02-26T16:48:01","date_gmt":"2025-02-26T15:48:01","guid":{"rendered":"https:\/\/www.sba.si\/?post_type=product&#038;p=8676"},"modified":"2025-02-27T14:48:42","modified_gmt":"2025-02-27T13:48:42","slug":"zascita-sprednje-zavorne-celjusti-cfmoto-800mt","status":"publish","type":"product","link":"https:\/\/www.sba.si\/index.php\/izdelek\/zascita-sprednje-zavorne-celjusti-cfmoto-800mt\/","title":{"rendered":"ZA\u0160\u010cITA SPREDNJE ZAVORNE \u010cELJUSTI &#8211; CFMOTO 800MT"},"content":{"rendered":"<p data-start=\"299\" data-end=\"571\">Izdelan je iz <strong data-start=\"313\" data-end=\"349\">vzdr\u017eljivih in lahkih materialov<\/strong>, ki nudijo maksimalno odpornost proti po\u0161kodbam, hkrati pa ne vplivajo na zmogljivost zavornega sistema. Lasersko izrezana zasnova omogo\u010da <strong data-start=\"489\" data-end=\"528\">popolno prileganje in hitro monta\u017eo<\/strong>, brez potrebe po dodatnih prilagoditvah.<\/p>\n<h3 data-start=\"573\" data-end=\"601\"><strong data-start=\"577\" data-end=\"599\">Klju\u010dne prednosti:<\/strong><\/h3>\n<p data-start=\"602\" data-end=\"1018\">\u2705 <strong data-start=\"604\" data-end=\"640\">Za\u0161\u010dita pred udarci in umazanijo<\/strong> \u2013 podalj\u0161uje \u017eivljenjsko dobo zavornih \u010deljusti<br data-start=\"688\" data-end=\"691\" \/>\u2705 <strong data-start=\"693\" data-end=\"721\">Izdelano za CFMOTO 800MT<\/strong> \u2013 popolno prileganje in brezhibna funkcionalnost<br data-start=\"770\" data-end=\"773\" \/>\u2705 <strong data-start=\"775\" data-end=\"799\">Vzdr\u017eljivi materiali<\/strong> \u2013 lahka in mo\u010dna konstrukcija za dolgo \u017eivljenjsko dobo<br data-start=\"855\" data-end=\"858\" \/>\u2705 <strong data-start=\"860\" data-end=\"889\">Lasersko izrezana zasnova<\/strong> \u2013 natan\u010dna izdelava za varno namestitev<br data-start=\"929\" data-end=\"932\" \/>\u2705 <strong data-start=\"934\" data-end=\"955\">Enostavna monta\u017ea<\/strong> \u2013 hitro in preprosto name\u0161\u010danje brez zapletenih prilagoditev<\/p>\n<p data-start=\"1020\" data-end=\"1198\" data-is-last-node=\"\" data-is-only-node=\"\">Z <strong data-start=\"1022\" data-end=\"1060\">za\u0161\u010dito prednjih zavornih \u010deljusti<\/strong> bo va\u0161 <strong data-start=\"1068\" data-end=\"1084\">CFMOTO 800MT<\/strong> pripravljen na zahtevne razmere in nepredvidljive terene, saj bodo zavore ostale za\u0161\u010ditene in delovale brezhibno.<\/p>\n","protected":false},"excerpt":{"rendered":"<p>6WWV-802200-5000<\/p>\n<p><strong data-start=\"0\" data-end=\"61\">Komplet za\u0161\u010dite prednjih zavornih \u010deljusti \u2013 CFMOTO 800MT<\/strong><\/p>\n<p data-start=\"65\" data-end=\"297\">Ta <strong data-start=\"68\" data-end=\"114\">komplet za\u0161\u010dite prednjih zavornih \u010deljusti<\/strong> je posebej zasnovan za <strong data-start=\"138\" data-end=\"154\">CFMOTO 800MT<\/strong> in zagotavlja dodatno za\u0161\u010dito pred <strong data-start=\"190\" data-end=\"236\">udarci, kamen\u010dki, prahom in drugimi vplivi<\/strong>, ki se pojavljajo pri vo\u017enji po terenu ali slab\u0161ih cestah.<\/p>\n","protected":false},"featured_media":8678,"template":"","meta":[],"product_cat":[132,135],"product_tag":[],"_links":{"self":[{"href":"https:\/\/www.sba.si\/index.php\/wp-json\/wp\/v2\/product\/8676"}],"collection":[{"href":"https:\/\/www.sba.si\/index.php\/wp-json\/wp\/v2\/product"}],"about":[{"href":"https:\/\/www.sba.si\/index.php\/wp-json\/wp\/v2\/types\/product"}],"version-history":[{"count":3,"href":"https:\/\/www.sba.si\/index.php\/wp-json\/wp\/v2\/product\/8676\/revisions"}],"predecessor-version":[{"id":8792,"href":"https:\/\/www.sba.si\/index.php\/wp-json\/wp\/v2\/product\/8676\/revisions\/8792"}],"wp:featuredmedia":[{"embeddable":true,"href":"https:\/\/www.sba.si\/index.php\/wp-json\/wp\/v2\/media\/8678"}],"wp:attachment":[{"href":"https:\/\/www.sba.si\/index.php\/wp-json\/wp\/v2\/media?parent=8676"}],"wp:term":[{"taxonomy":"product_cat","embeddable":true,"href":"https:\/\/www.sba.si\/index.php\/wp-json\/wp\/v2\/product_cat?post=8676"},{"taxonomy":"product_tag","embeddable":true,"href":"https:\/\/www.sba.si\/index.php\/wp-json\/wp\/v2\/product_tag?post=8676"}],"curies":[{"name":"wp","href":"https:\/\/api.w.org\/{rel}","templated":true}]}}