{"id":8714,"date":"2025-02-27T09:55:06","date_gmt":"2025-02-27T08:55:06","guid":{"rendered":"https:\/\/www.sba.si\/?post_type=product&#038;p=8714"},"modified":"2025-03-01T11:55:30","modified_gmt":"2025-03-01T10:55:30","slug":"spodnja-zascita-motorja-cfmoto-450cl-c-siva","status":"publish","type":"product","link":"https:\/\/www.sba.si\/index.php\/izdelek\/spodnja-zascita-motorja-cfmoto-450cl-c-siva\/","title":{"rendered":"SPODNJA ZA\u0160\u010cITA MOTORJA CFMOTO 450CL-C SIVA"},"content":{"rendered":"","protected":false},"excerpt":{"rendered":"<p data-start=\"0\" data-end=\"65\"><strong data-start=\"0\" data-end=\"65\">Spodnja za\u0161\u010dita motorja (Skid plate) za CFMOTO 450CL-C &#8211; siva<\/strong><\/p>\n<p data-start=\"67\" data-end=\"101\"><strong data-start=\"67\" data-end=\"84\">Koda izdelka:<\/strong> 6AQV-803100-7100<\/p>\n<p data-start=\"103\" data-end=\"438\">Poskrbite za za\u0161\u010dito spodnjega dela motorja va\u0161ega CFMOTO 450CL-C z visoko kakovostno spodnjo za\u0161\u010dito (Skid plate), ki \u0161\u010diti pred po\u0161kodbami, praskami in udarci, ki se lahko pojavijo pri vsakodnevni vo\u017enji po mestnih cestah ali manj\u0161ih ovirah. Siva barva za\u0161\u010dite zagotavlja eleganten videz in dodatno trpe\u017enost va\u0161ega motornega kolesa.<\/p>\n<p data-start=\"440\" data-end=\"462\"><strong data-start=\"440\" data-end=\"462\">Klju\u010dne lastnosti:<\/strong><\/p>\n<ul data-start=\"463\" data-end=\"1213\">\n<li data-start=\"463\" data-end=\"635\"><strong data-start=\"465\" data-end=\"493\">Za\u0161\u010dita pred po\u0161kodbami:<\/strong> Spodnja za\u0161\u010dita motorja \u0161\u010diti pred praskami, udarci in drugimi po\u0161kodbami, ki se lahko pojavijo med vo\u017enjo po mestnih in asfaltiranih cestah.<\/li>\n<li data-start=\"636\" data-end=\"767\"><strong data-start=\"638\" data-end=\"674\">Izdelana iz trpe\u017enega materiala:<\/strong> Kakovosten material zagotavlja dolgo \u017eivljenjsko dobo za\u0161\u010dite in visoko odpornost na obrabo.<\/li>\n<li data-start=\"768\" data-end=\"909\"><strong data-start=\"770\" data-end=\"792\">Enostavna monta\u017ea:<\/strong> Za\u0161\u010dita je zasnovana za hitro in preprosto namestitev na va\u0161 CFMOTO 450CL-C, brez potrebe po dodatnih prilagoditvah.<\/li>\n<li data-start=\"910\" data-end=\"1047\"><strong data-start=\"912\" data-end=\"937\">Elegantna siva barva:<\/strong> Klasi\u010den sivi dizajn, ki se popolnoma ujema s stilom va\u0161ega motorja in mu daje eleganten, sofisticiran videz.<\/li>\n<li data-start=\"1048\" data-end=\"1213\"><strong data-start=\"1050\" data-end=\"1079\">Idealna za mestno vo\u017enjo:<\/strong> Za\u0161\u010dita je namenjena predvsem za vsakodnevno vo\u017enjo po asfaltiranih cestah, kjer \u0161\u010diti spodnji del motorja pred obrabo in po\u0161kodbami.<\/li>\n<\/ul>\n<p data-start=\"1215\" data-end=\"1371\" data-is-last-node=\"\" data-is-only-node=\"\">Z izbolj\u0161ano spodnjo za\u0161\u010dito motorja boste pove\u010dali \u017eivljenjsko dobo va\u0161ega CFMOTO 450CL-C, hkrati pa poskrbeli za ve\u010djo za\u0161\u010dito med vsakodnevnimi vo\u017enjami.<\/p>\n","protected":false},"featured_media":8715,"template":"","meta":[],"product_cat":[132,134],"product_tag":[],"_links":{"self":[{"href":"https:\/\/www.sba.si\/index.php\/wp-json\/wp\/v2\/product\/8714"}],"collection":[{"href":"https:\/\/www.sba.si\/index.php\/wp-json\/wp\/v2\/product"}],"about":[{"href":"https:\/\/www.sba.si\/index.php\/wp-json\/wp\/v2\/types\/product"}],"version-history":[{"count":2,"href":"https:\/\/www.sba.si\/index.php\/wp-json\/wp\/v2\/product\/8714\/revisions"}],"predecessor-version":[{"id":8717,"href":"https:\/\/www.sba.si\/index.php\/wp-json\/wp\/v2\/product\/8714\/revisions\/8717"}],"wp:featuredmedia":[{"embeddable":true,"href":"https:\/\/www.sba.si\/index.php\/wp-json\/wp\/v2\/media\/8715"}],"wp:attachment":[{"href":"https:\/\/www.sba.si\/index.php\/wp-json\/wp\/v2\/media?parent=8714"}],"wp:term":[{"taxonomy":"product_cat","embeddable":true,"href":"https:\/\/www.sba.si\/index.php\/wp-json\/wp\/v2\/product_cat?post=8714"},{"taxonomy":"product_tag","embeddable":true,"href":"https:\/\/www.sba.si\/index.php\/wp-json\/wp\/v2\/product_tag?post=8714"}],"curies":[{"name":"wp","href":"https:\/\/api.w.org\/{rel}","templated":true}]}}