{"id":8800,"date":"2025-02-27T16:03:32","date_gmt":"2025-02-27T15:03:32","guid":{"rendered":"https:\/\/www.sba.si\/?post_type=product&#038;p=8800"},"modified":"2025-03-01T12:00:02","modified_gmt":"2025-03-01T11:00:02","slug":"nosilec-tablice-cfmoto-675sr-r","status":"publish","type":"product","link":"https:\/\/www.sba.si\/index.php\/izdelek\/nosilec-tablice-cfmoto-675sr-r\/","title":{"rendered":"NOSILEC TABLICE CFMOTO 675SR-R"},"content":{"rendered":"","protected":false},"excerpt":{"rendered":"<p data-start=\"0\" data-end=\"37\"><strong data-start=\"0\" data-end=\"37\">Nosilec tablice za CFMOTO 675SR-R<\/strong><\/p>\n<p data-start=\"0\" data-end=\"37\"><strong>\u0160TEVILKA ARTIKLA:<\/strong> 6GUV-802900-5601<\/p>\n<p data-start=\"39\" data-end=\"57\"><strong data-start=\"39\" data-end=\"57\">Specifikacije:<\/strong><\/p>\n<p data-start=\"59\" data-end=\"73\"><strong data-start=\"59\" data-end=\"73\">Lastnosti:<\/strong><\/p>\n<ul data-start=\"74\" data-end=\"532\">\n<li data-start=\"74\" data-end=\"202\"><strong data-start=\"76\" data-end=\"91\">Kratek rep:<\/strong> Kratek nosilec tablice izbolj\u0161a \u0161porten videz motorja in doda dinami\u010den, agresiven slog va\u0161emu CFMOTO 675SR-R.<\/li>\n<li data-start=\"203\" data-end=\"349\"><strong data-start=\"205\" data-end=\"225\">Popolna zasnova:<\/strong> Nosilec je zasnovan tako, da se brez te\u017eav prilega na \u017ee obstoje\u010de monta\u017ene to\u010dke, brez potrebe po dodatnem vrtanju lukenj.<\/li>\n<li data-start=\"350\" data-end=\"532\"><strong data-start=\"352\" data-end=\"382\">Visokokakovosten material:<\/strong> Izdelan iz CNC obdelanega aluminija, anodiziranega v \u010drni barvi, kar zagotavlja dolgo \u017eivljenjsko dobo, odpornost na korozijo in estetsko dovr\u0161enost.<\/li>\n<\/ul>\n<p data-start=\"534\" data-end=\"829\" data-is-last-node=\"\" data-is-only-node=\"\">Popoln nosilec tablice za va\u0161 CFMOTO 675SR-R, ki zdru\u017euje funkcionalnost, estetiko in enostavno namestitev brez potrebe po dodatnem prilagajanju. Pove\u010dajte \u0161portni videz in izbolj\u0161ajte videz svojega motornega kolesa z nosilcem tablice, ki je zasnovan za popolno ujemanje s stilom va\u0161ega motorja.<\/p>\n","protected":false},"featured_media":8801,"template":"","meta":[],"product_cat":[132,136],"product_tag":[],"_links":{"self":[{"href":"https:\/\/www.sba.si\/index.php\/wp-json\/wp\/v2\/product\/8800"}],"collection":[{"href":"https:\/\/www.sba.si\/index.php\/wp-json\/wp\/v2\/product"}],"about":[{"href":"https:\/\/www.sba.si\/index.php\/wp-json\/wp\/v2\/types\/product"}],"version-history":[{"count":2,"href":"https:\/\/www.sba.si\/index.php\/wp-json\/wp\/v2\/product\/8800\/revisions"}],"predecessor-version":[{"id":8813,"href":"https:\/\/www.sba.si\/index.php\/wp-json\/wp\/v2\/product\/8800\/revisions\/8813"}],"wp:featuredmedia":[{"embeddable":true,"href":"https:\/\/www.sba.si\/index.php\/wp-json\/wp\/v2\/media\/8801"}],"wp:attachment":[{"href":"https:\/\/www.sba.si\/index.php\/wp-json\/wp\/v2\/media?parent=8800"}],"wp:term":[{"taxonomy":"product_cat","embeddable":true,"href":"https:\/\/www.sba.si\/index.php\/wp-json\/wp\/v2\/product_cat?post=8800"},{"taxonomy":"product_tag","embeddable":true,"href":"https:\/\/www.sba.si\/index.php\/wp-json\/wp\/v2\/product_tag?post=8800"}],"curies":[{"name":"wp","href":"https:\/\/api.w.org\/{rel}","templated":true}]}}