{"id":8924,"date":"2025-03-05T11:39:57","date_gmt":"2025-03-05T10:39:57","guid":{"rendered":"https:\/\/www.sba.si\/?post_type=product&#038;p=8924"},"modified":"2026-02-17T08:56:31","modified_gmt":"2026-02-17T07:56:31","slug":"cfmoto-u10-pro-25","status":"publish","type":"product","link":"https:\/\/www.sba.si\/index.php\/izdelek\/cfmoto-u10-pro-25\/","title":{"rendered":"CFMOTO U10 PRO &#8217;25"},"content":{"rendered":"<h3 data-start=\"246\" data-end=\"272\">Klju\u010dne zna\u010dilnosti:<\/h3>\n<ul data-start=\"273\" data-end=\"1020\">\n<li data-start=\"273\" data-end=\"407\">Zmogljiv 999cc 3-Valjni motor \u2013 90 konjskih mo\u010di in izjemen navor omogo\u010data brezkompromisno vleko in obvladovanje vseh vrst terenov.<\/li>\n<li data-start=\"408\" data-end=\"524\">Elektronski vbrizg goriva in CVT menjalnik \u2013 zagotavljata gladko in u\u010dinkovito vo\u017enjo z optimalno porabo goriva.<\/li>\n<li data-start=\"525\" data-end=\"650\">4&#215;4 pogon z diferencialno zaporo \u2013 prilagodi se razli\u010dnim podlagam in omogo\u010da odli\u010den oprijem na blatu, pesku ali skalah.<\/li>\n<li data-start=\"651\" data-end=\"774\">Nosilnost in vle\u010dna zmogljivost \u2013 tovorna postelja s kapaciteto do 450 kg in vle\u010dna mo\u010d do 1000 kg olaj\u0161ata vsako delo.<\/li>\n<li data-start=\"775\" data-end=\"889\" data-is-only-node=\"\">Servo volan in neodvisno vzmetenje \u2013 poskrbita za udobno in natan\u010dno vo\u017enjo, tudi pri dolgih dnevih na terenu.<\/li>\n<li data-start=\"890\" data-end=\"1020\">LED osvetlitev in digitalni zaslon \u2013 moderni dodatki, ki zagotavljajo odli\u010dno vidljivost in preglednost nad klju\u010dnimi podatki.<\/li>\n<\/ul>\n<p data-start=\"1022\" data-end=\"1266\">CFMOTO UFORCE 1000 je popoln spremljevalec za vse, ki potrebujejo prakti\u010dno, sodobno in zmogljivo terensko vozilo. Hkrati pa bo navdu\u0161il tudi rekreativne voznike, ki i\u0161\u010dejo zanesljiv stroj za adrenalinske pustolov\u0161\u010dine v naravi.<\/p>\n<p data-start=\"1268\" data-end=\"1347\" data-is-last-node=\"\" data-is-only-node=\"\">Ne glede na to, ali gre za delo ali zabavo \u2013 UFORCE U10 PRO je pripravljen na vse!<\/p>\n<h1><\/h1>\n","protected":false},"excerpt":{"rendered":"<p data-start=\"0\" data-end=\"244\">CFMOTO UFORCE 1000 je zmogljiv in vsestranski delovni UTV, zasnovan za zahtevne terene in te\u017eke naloge. Najnovej\u0161i model U10 PRO ponuja kombinacijo mo\u010di, udobja in funkcionalnosti, ki navdu\u0161i tako profesionalne uporabnike kot avanturiste.<\/p>\n<p data-start=\"1268\" data-end=\"1347\" data-is-last-node=\"\" data-is-only-node=\"\">\n","protected":false},"featured_media":8925,"template":"","meta":[],"product_cat":[124,59,68,115],"product_tag":[],"_links":{"self":[{"href":"https:\/\/www.sba.si\/index.php\/wp-json\/wp\/v2\/product\/8924"}],"collection":[{"href":"https:\/\/www.sba.si\/index.php\/wp-json\/wp\/v2\/product"}],"about":[{"href":"https:\/\/www.sba.si\/index.php\/wp-json\/wp\/v2\/types\/product"}],"version-history":[{"count":7,"href":"https:\/\/www.sba.si\/index.php\/wp-json\/wp\/v2\/product\/8924\/revisions"}],"predecessor-version":[{"id":11350,"href":"https:\/\/www.sba.si\/index.php\/wp-json\/wp\/v2\/product\/8924\/revisions\/11350"}],"wp:featuredmedia":[{"embeddable":true,"href":"https:\/\/www.sba.si\/index.php\/wp-json\/wp\/v2\/media\/8925"}],"wp:attachment":[{"href":"https:\/\/www.sba.si\/index.php\/wp-json\/wp\/v2\/media?parent=8924"}],"wp:term":[{"taxonomy":"product_cat","embeddable":true,"href":"https:\/\/www.sba.si\/index.php\/wp-json\/wp\/v2\/product_cat?post=8924"},{"taxonomy":"product_tag","embeddable":true,"href":"https:\/\/www.sba.si\/index.php\/wp-json\/wp\/v2\/product_tag?post=8924"}],"curies":[{"name":"wp","href":"https:\/\/api.w.org\/{rel}","templated":true}]}}