{"id":8954,"date":"2025-03-06T13:03:46","date_gmt":"2025-03-06T12:03:46","guid":{"rendered":"https:\/\/www.sba.si\/?post_type=product&#038;p=8954"},"modified":"2025-03-06T13:21:14","modified_gmt":"2025-03-06T12:21:14","slug":"touring-vizir-puig-smoke-cfmoto-800mt","status":"publish","type":"product","link":"https:\/\/www.sba.si\/index.php\/izdelek\/touring-vizir-puig-smoke-cfmoto-800mt\/","title":{"rendered":"TOURING VIZIR PUIG SMOKE CFMOTO 800MT"},"content":{"rendered":"","protected":false},"excerpt":{"rendered":"<p data-start=\"0\" data-end=\"44\"><strong data-start=\"0\" data-end=\"44\">Touring Vizir Puig Smoke za CFMOTO 800MT<\/strong><\/p>\n<p data-start=\"46\" data-end=\"318\">Izbolj\u0161ajte aerodinamiko in za\u0161\u010dito pred vetrom s touring vizirjem Puig, zasnovanim posebej za CFMOTO 800MT. Model Puig 21546H je povi\u0161an touring vizir v dimenziji 24 cm, ki natan\u010dno ustreza potrebam voznika, ki i\u0161\u010de ve\u010djo udobje pri vo\u017enji, \u0161e posebej na dalj\u0161ih poteh.<\/p>\n<p data-start=\"320\" data-end=\"658\"><strong data-start=\"320\" data-end=\"370\">Izbolj\u0161ana aerodinamika in za\u0161\u010dita pred vetrom<\/strong><br data-start=\"370\" data-end=\"373\" \/>Touring vizir je dalj\u0161i od originalnega vizirja (od 5 do 20 cm, odvisno od modela) in aerodinami\u010dno optimiziran za \u0161e bolj\u0161o za\u0161\u010dito pred vetrom. Ta izbolj\u0161ava omogo\u010da manj\u0161i vpliv vetra na zgornji del telesa in \u010delado, kar omogo\u010da bolj spro\u0161\u010deno in udobno vo\u017enjo tudi na dolgih turah.<\/p>\n<p data-start=\"660\" data-end=\"931\"><strong data-start=\"660\" data-end=\"706\">Kakovostni materiali za ve\u010djo vzdr\u017eljivost<\/strong><br data-start=\"706\" data-end=\"709\" \/>Vizir je izdelan iz 3 mm debelega akrila, ki zagotavlja izjemno odpornost na udarce, brez popa\u010denj in trajno UV-odpornost. To pomeni, da ohrani svojo jasnost in trdnost tudi ob dolgotrajni izpostavljenosti son\u010dni svetlobi.<\/p>\n<p data-start=\"933\" data-end=\"1156\"><strong data-start=\"933\" data-end=\"972\">Brezskrbna uporaba na javnih cestah<\/strong><br data-start=\"972\" data-end=\"975\" \/>Za ta touring vizir je pridobljena ABE (Nem\u0161ka splo\u0161na dovoljenja za uporabo), kar omogo\u010da brezskrbno uporabo na javnih cestah brez potrebe po dodatni registraciji ali homologaciji.<\/p>\n<p data-start=\"1158\" data-end=\"1308\"><strong data-start=\"1158\" data-end=\"1179\">Dodatne lastnosti<\/strong><br data-start=\"1179\" data-end=\"1182\" \/>Robovi touring vizirja so zaobljeni na 2 mm, zaradi \u010desar ni potrebno nobeno dodatno za\u0161\u010ditno obrobje v skladu s T\u00dcV predpisi.<\/p>\n<p data-start=\"1310\" data-end=\"1455\" data-is-last-node=\"\" data-is-only-node=\"\">Za voznike, ki i\u0161\u010dejo bolj\u0161o za\u0161\u010dito pred vetrom in ve\u010dje udobje na dolgotrajnih poteh, je Puig Touring Vizir popolna izbira za va\u0161 CFMOTO 800MT.<\/p>\n<p data-start=\"1310\" data-end=\"1455\" data-is-last-node=\"\" data-is-only-node=\"\">\n<p data-start=\"1310\" data-end=\"1455\" data-is-last-node=\"\" data-is-only-node=\"\"><strong>KODA: 140.21546H<\/strong><\/p>\n","protected":false},"featured_media":8956,"template":"","meta":[],"product_cat":[132,135],"product_tag":[],"_links":{"self":[{"href":"https:\/\/www.sba.si\/index.php\/wp-json\/wp\/v2\/product\/8954"}],"collection":[{"href":"https:\/\/www.sba.si\/index.php\/wp-json\/wp\/v2\/product"}],"about":[{"href":"https:\/\/www.sba.si\/index.php\/wp-json\/wp\/v2\/types\/product"}],"version-history":[{"count":3,"href":"https:\/\/www.sba.si\/index.php\/wp-json\/wp\/v2\/product\/8954\/revisions"}],"predecessor-version":[{"id":8964,"href":"https:\/\/www.sba.si\/index.php\/wp-json\/wp\/v2\/product\/8954\/revisions\/8964"}],"wp:featuredmedia":[{"embeddable":true,"href":"https:\/\/www.sba.si\/index.php\/wp-json\/wp\/v2\/media\/8956"}],"wp:attachment":[{"href":"https:\/\/www.sba.si\/index.php\/wp-json\/wp\/v2\/media?parent=8954"}],"wp:term":[{"taxonomy":"product_cat","embeddable":true,"href":"https:\/\/www.sba.si\/index.php\/wp-json\/wp\/v2\/product_cat?post=8954"},{"taxonomy":"product_tag","embeddable":true,"href":"https:\/\/www.sba.si\/index.php\/wp-json\/wp\/v2\/product_tag?post=8954"}],"curies":[{"name":"wp","href":"https:\/\/api.w.org\/{rel}","templated":true}]}}