{"id":9166,"date":"2025-03-14T09:40:19","date_gmt":"2025-03-14T08:40:19","guid":{"rendered":"https:\/\/www.sba.si\/?post_type=product&#038;p=9166"},"modified":"2025-03-14T09:40:20","modified_gmt":"2025-03-14T08:40:20","slug":"stevec-delovnih-ur-moose","status":"publish","type":"product","link":"https:\/\/www.sba.si\/index.php\/izdelek\/stevec-delovnih-ur-moose\/","title":{"rendered":"\u0160TEVEC DELOVNIH UR MOOSE"},"content":{"rendered":"","protected":false},"excerpt":{"rendered":"<p data-start=\"0\" data-end=\"28\"><strong data-start=\"0\" data-end=\"28\">\u0160tevec Delovnih Ur MOOSE<\/strong><\/p>\n<p data-start=\"30\" data-end=\"279\">\u0160tevec delovnih ur MOOSE je izjemen pripomo\u010dek za spremljanje in bele\u017eenje delovnih ur va\u0161ih motorjev. Zasnovan je za enostavno uporabo ter omogo\u010da natan\u010dno sledenje \u010dasovnim intervalom, kar vam pomaga pri rednem vzdr\u017eevanju in servisiranju motorja.<\/p>\n<p data-start=\"30\" data-end=\"279\">\n<p data-start=\"281\" data-end=\"303\"><strong data-start=\"281\" data-end=\"303\">Klju\u010dne lastnosti:<\/strong><\/p>\n<ul data-start=\"304\" data-end=\"997\">\n<li data-start=\"304\" data-end=\"428\">Tri ponastavljivi servisi alarmi, ki vas obve\u0161\u010dajo, kdaj je \u010das za \u010di\u0161\u010denje zraka filtra, menjavo olja in servis ventilov.<\/li>\n<li data-start=\"429\" data-end=\"497\">Ponastavljiv \u010dasovni na\u010din, ki omogo\u010da bele\u017eenje delovnih obdobij.<\/li>\n<li data-start=\"498\" data-end=\"561\">Ni potrebna povezava z napajalnimi ali ozemljitvenimi \u017eicami.<\/li>\n<li data-start=\"562\" data-end=\"594\">Ve\u010dji in la\u017eje berljiv zaslon.<\/li>\n<li data-start=\"595\" data-end=\"650\">Lo\u010dljivost v korakih po 10 vrtljajev na minuto (rpm).<\/li>\n<li data-start=\"651\" data-end=\"792\">Primeren za vse enocilindri\u010dne in dvo-cilindri\u010dne 2- in 4-taktne motorje na bencin, ki delujejo s klju\u010dnim vzorcem v\u017eiga (1 iskra = 1 rpm).<\/li>\n<li data-start=\"793\" data-end=\"895\">Vklju\u010duje dnevnik za spremljanje vzdr\u017eevanja, dvosmerno lepilno trak, vijake in pritrdilne elemente.<\/li>\n<li data-start=\"896\" data-end=\"997\">Dimenzije: 5,4 cm \u0161irina x 3,5 cm vi\u0161ina x 1,3 cm globina z razdaljo med monta\u017enimi to\u010dkami 4,5 cm.<\/li>\n<li data-start=\"896\" data-end=\"997\"><\/li>\n<\/ul>\n<p data-start=\"999\" data-end=\"1285\"><strong data-start=\"999\" data-end=\"1014\">Idealno za:<\/strong><br data-start=\"1014\" data-end=\"1017\" \/>\u0160tevec delovnih ur MOOSE je nepogre\u0161ljiv pripomo\u010dek za lastnike motorjev, ki \u017eelijo ohraniti svoje naprave v odli\u010dnem stanju z rednim spremljanjem servisnih intervalov. Preprosta in u\u010dinkovita re\u0161itev za vsakogar, ki potrebuje zanesljive informacije o uporabi motorja.<\/p>\n<p data-start=\"1287\" data-end=\"1372\" data-is-last-node=\"\" data-is-only-node=\"\">Dodajte ta \u0161tevec na svojo napravo in poskrbite za pravo\u010dasno vzdr\u017eevanje brez skrbi!<\/p>\n","protected":false},"featured_media":9167,"template":"","meta":[],"product_cat":[54,76,64,82],"product_tag":[],"_links":{"self":[{"href":"https:\/\/www.sba.si\/index.php\/wp-json\/wp\/v2\/product\/9166"}],"collection":[{"href":"https:\/\/www.sba.si\/index.php\/wp-json\/wp\/v2\/product"}],"about":[{"href":"https:\/\/www.sba.si\/index.php\/wp-json\/wp\/v2\/types\/product"}],"version-history":[{"count":1,"href":"https:\/\/www.sba.si\/index.php\/wp-json\/wp\/v2\/product\/9166\/revisions"}],"predecessor-version":[{"id":9168,"href":"https:\/\/www.sba.si\/index.php\/wp-json\/wp\/v2\/product\/9166\/revisions\/9168"}],"wp:featuredmedia":[{"embeddable":true,"href":"https:\/\/www.sba.si\/index.php\/wp-json\/wp\/v2\/media\/9167"}],"wp:attachment":[{"href":"https:\/\/www.sba.si\/index.php\/wp-json\/wp\/v2\/media?parent=9166"}],"wp:term":[{"taxonomy":"product_cat","embeddable":true,"href":"https:\/\/www.sba.si\/index.php\/wp-json\/wp\/v2\/product_cat?post=9166"},{"taxonomy":"product_tag","embeddable":true,"href":"https:\/\/www.sba.si\/index.php\/wp-json\/wp\/v2\/product_tag?post=9166"}],"curies":[{"name":"wp","href":"https:\/\/api.w.org\/{rel}","templated":true}]}}